)/b + 6/9. What is the greatest common divisor of i and 33?
11
Let a = 921 + -635. Calculate the greatest common divisor of a and 26.
26
Suppose 84*w = 78*w + 270. What is the highest common factor of w and 27?
9
Let p be ((-132)/(-16))/(1/4). Suppose 3*v - 3 = 2*v. What is the greatest common factor of p and v?
3
Let w be 25 - ((-3)/9 - (-2)/(-3)). What is the highest common factor of 182 and w?
26
Suppose -4*r = -2*r - 110. Let h be ((-1)/(-2))/(1/10). Suppose -2*p = -h*m + 112, 5*m = 4*m - 3*p + 19. Calculate the highest common divisor of r and m.
11
Suppose -12*b + 16*b - 32 = 0. Let a be (2/(-2))/(1/(-3)). Suppose -3*w + 27 = -m, m = -a*w - 0*w + 21. Calculate the highest common divisor of w and b.
8
Suppose -7*h = -155 + 22. What is the highest common factor of 133 and h?
19
Let w be -3*2*440/(-12). Let v = -115 + w. Calculate the highest common factor of v and 15.
15
Let p = 6 - -2. Let t = 23 - p. Let d(i) = -i**2 + 18*i - 62. Let w be d(12). What is the highest common divisor of w and t?
5
Suppose 5*t + 129 + 13 = -3*a, -48 = a + t. Suppose -2*u = -0*u + 68. Let k = u - a. Calculate the highest common factor of 10 and k.
5
Let c = -2 + 4. Suppose y - 26 = -y - 2*h, -12 = y - 4*h. Suppose 0 = -2*m + 4*m - y. What is the highest common divisor of m and c?
2
Let k = 3 - 3. Suppose k = 4*v + 7 + 25. Let g be (-6)/(-4)*v/(-3). What is the greatest common divisor of g and 6?
2
Suppose 9*f + 20 = 14*f. Suppose -2*i = f*i - 780. Calculate the highest common factor of 26 and i.
26
Let s = -8 - -12. Let c be 0/1 - 40/(-2). What is the highest common divisor of c and s?
4
Let f(o) = o**2 - 11*o - 14. Let t be f(12). Let w be t + (-35 + -1)/(-3). Calculate the greatest common divisor of 70 and w.
10
Let f = 1 + 12. Let h = -9 + f. Calculate the highest common divisor of h and 16.
4
Suppose 0 = -5*r + d + 24, 2*d - 22 = 2*r - 6*r. What is the highest common factor of r and 15?
5
Let x be 12/(-66) - (-158)/22. Suppose -3*z + x = -14. Calculate the highest common factor of 56 and z.
7
Let h be (-3 - -3 - -1) + (-10)/(-2). What is the highest common factor of 30 and h?
6
Suppose -5*o = -5*p + 5, -3*o - 2 = p - 11. Let v be 80/35 + (-2)/7. Suppose -2*s + v = -18. What is the highest common factor of s and o?
2
Let z(n) = -n**2 - n - 3. Let f be z(0). Let c = f - -4. Let g = c + 2. Calculate the highest common divisor of 30 and g.
3
Let i be (-8 + 4)/(2 + -4). Let u be 66/10 - i/(-5). Suppose 0 = -h - u + 26. What is the greatest common divisor of 38 and h?
19
Suppose 0 = l - 30. Suppose -4*y = -l - 22. Calculate the greatest common divisor of y and 117.
13
Let w be 2*(1/1 + 1). Let g = -8 + 4. Let t be (-14 - (g + 2))*-1. Calculate the highest common factor of t and w.
4
Let h = 5 - -7. Let d(s) = -s**3 + 4*s**2 + 6*s + 3. Let x be d(5). What is the highest common factor of h and x?
4
Suppose 3*p + 27 + 15 = 4*f, f = p + 13. Let k = -4 - p. What is the greatest common divisor of 24 and k?
6
Let h(j) = j - 40. Let p be h(41). Suppose -6*q = b - 2*q + 11, 2*b + 3*q + 7 = 0. Let t be 0 - b - 3/(-1). Calculate the highest common factor of t and p.
1
Let d(p) = -p**2 - 3*p + 28. Let o be d(0). What is the greatest common divisor of 21 and o?
7
Let q be (44*(-1 + -1))/(-3 + 2). Calculate the highest common factor of 22 and q.
22
Suppose 0*l + 1 = l. Let v = l + 10. What is the highest common factor of v and 55?
11
Let m(s) = 4*s + 5. Let j be m(-5). Let d be (-5)/j - 190/(-6). Calculate the highest common factor of d and 16.
16
Suppose 60 = 4*t - 0. Let y be (-6)/t + 154/10. Let f(r) = r**2 + 4*r - 2. Let s be f(-6). What is the highest common divisor of y and s?
5
Let s be (-4 - -1)*(-4)/(-6). Let o be 2 - (0 + (-4)/s). Suppose o = 5*k + 3*b - 279, -2*k - b + 106 = -6. Calculate the highest common divisor of k and 19.
19
Let z = 68 - 42. Calculate the highest common divisor of z and 26.
26
Suppose -26 = 4*a - 2. Let d = a - -13. Suppose 0 = z + 5*o - 21, 5*o + 2 = 4*z - d. Calculate the greatest common divisor of 15 and z.
3
Suppose -9 + 24 = 5*g, 2*h - 21 = -5*g. What is the highest common divisor of h and 27?
3
Suppose -3*p + 29 = -r, 29 = -4*r + 9. Suppose y - 2*y = 10. Let x be (-2)/5 + (-644)/y. Calculate the greatest common divisor of x and p.
8
Let a(l) = -l**2 + 8*l + 11. Let m be a(9). What is the highest common divisor of m and 5?
1
Let q(v) = -v**2 + 4*v + 5. Let i be q(4). Suppose -i*d + 46 + 9 = 0. Let j = -268 + 389. What is the greatest common factor of d and j?
11
Let r = 27 + -14. Let v be 2/r + (-89)/(-13). Let s(h) = 9*h - 1. Let j be s(4). What is the highest common divisor of v and j?
7
Suppose -2*q = -q - 12. Let l be q/(-9)*12/(-8). Calculate the highest common divisor of 10 and l.
2
Let c(u) = -u**2 + 21*u - 34. Let d be c(19). What is the highest common factor of d and 32?
4
Let p be (-1 - 9/(-5))*5. Let s(u) = 2 + u**2 - 6*u - u**2 + 2*u**2. Let n be s(p). What is the greatest common factor of 20 and n?
10
Let f(o) = -o**3 - 10*o**2 - 10*o - 3. Suppose -3 = -u + 2*n + n, -u - 3*n = 21. Let b be f(u). What is the highest common divisor of b and 12?
6
Suppose -3 = 3*u, 2*q - 5*q - 2*u + 37 = 0. Let v = -1 + 1. Suppose v*a + q = a. What is the greatest common factor of 26 and a?
13
Suppose 0 = 4*g + 50 - 58. Calculate the highest common divisor of 6 and g.
2
Suppose d - 2 = 2. Suppose d*f - 135 = -47. What is the highest common divisor of 11 and f?
11
Let y(a) = -10*a. Let t be y(-1). Suppose 2*z = z + t. Suppose 2*d - z = -l, l - 3 - 4 = d. Calculate the greatest common factor of 1 and l.
1
Let m(s) = s**3 + 4*s**2 + 3*s. Let y be m(-2). Let u(f) = f**2 - f. Let g be u(-1). Suppose g*w - 128 = -y*w. Calculate the greatest common factor of w and 16.
16
Let z = -65 + 131. Calculate the greatest common factor of z and 6.
6
Suppose 0 = 5*i - 10 - 15. Suppose -8 = -86*u + 82*u. What is the greatest common divisor of u and i?
1
Suppose -3*m + 3*o + 15 = 0, -2*o = 3*m - 7*o - 25. Suppose 6*n - 175 + 31 = m. Calculate the highest common factor of 6 and n.
6
Let r = 186 + -21. What is the greatest common factor of r and 66?
33
Let h(z) = -z**3 - 11*z**2 - 12*z + 6. Let t = -24 - -15. Let u be h(t). Let b = u + 103. What is the greatest common factor of b and 22?
11
Let n = 63 + -54. Let w(i) = -i**3 + 2*i**2 + 4*i - 1. Let c be w(3). Let l be c/(-6) + 190/3. What is the highest common divisor of n and l?
9
Suppose 3*g - 19 = 2*a, g - 5*g = -2*a - 14. Let b = 27 + a. What is the highest common factor of 25 and b?
5
Let x(b) = b**3 + 6*b**2 - 3*b - 9. Let n be x(-6). Let y be -2*(0 + -13) + 3. Let i = -2 + y. Calculate the highest common factor of n and i.
9
Let y = 96 - 84. What is the highest common factor of y and 36?
12
Let w = 0 + -1. Let x(q) = 116*q**2 + 1. Let z be x(w). Calculate the highest common factor of z and 13.
13
Let j(f) = 5*f**3 - 3*f**2 + 2. Let u be j(2). Calculate the highest common factor of u and 90.
30
Let k be (-10)/35 - (-156)/7. Suppose 5*n - k - 38 = 0. What is the highest common divisor of 18 and n?
6
Suppose -4*g = -117 - 187. Let w be -3 - -23 - (-2 + 3). Calculate the highest common divisor of w and g.
19
Suppose -4*w + 15 = -13. What is the greatest common divisor of 56 and w?
7
Let r = 47 - -74. Let d be 168/16 + 2/4. Calculate the greatest common factor of d and r.
11
Let v be ((-1)/(-3))/(3/18). Calculate the highest common factor of v and 4.
2
Suppose 0 = -n + 4 + 3. Let v be 102/14 - 2/n. What is the highest common divisor of 49 and v?
7
Let h = 1 - -20. What is the greatest common factor of 7 and h?
7
Suppose 3*k - 9 = 3. Suppose 40 = 3*u + k*w, 4*u - 3*w - w = 44. Let b = 27 - 15. Calculate the greatest common divisor of b and u.
12
Suppose 5*d + 5 = 5*g - 0, g = -2*d + 7. Suppose -5*l = -4*u - 97, -l - g*u + 2*u = -14. Let k be 2/6 + 356/3. What is the highest common divisor of k and l?
17
Let m be (4 + 2)/2 - -2. Let f(c) = -35*c**3 + c**2 - 1. Let z be f(-1). Suppose -3*q + z = -2*q. What is the greatest common factor of m and q?
5
Let b be (2/(-7))/1 - 616/(-98). Calculate the highest common divisor of 30 and b.
6
Let a be 1*(37 + (0 - 3)). Calculate the greatest common divisor of a and 17.
17
Suppose 2*t + 2*t = -264. Let n = t + 111. What is the highest common factor of 9 and n?
9
Let k be (-